pose -4*q - 2927 = -5*p, -p + 3*q + 2929 = f*p. Is p a prime number?
True
Let j(m) = -3*m**2 - 11*m - 8. Let x be j(-8). Let y = 63 - x. Suppose 2*p = 181 + y. Is p prime?
False
Let h(o) = o**3 - 5*o**2 - 7*o + 9. Let f be h(6). Suppose -f*k + 7*k = 92. Is k composite?
False
Let b = 1380 - -295. Let u = b + -464. Is u prime?
False
Let r(j) = 2308*j - 76. Let b be r(18). Is b/(-42)*6/(-4) composite?
False
Let m(t) = 2*t**2 - t + 8. Let z(b) be the second derivative of b**5/20 - 5*b**4/6 - b**3/6 + 3*b**2/2 + 4*b. Let p be z(10). Is m(p) composite?
False
Suppose q = -4*t - 2200 + 5469, -t = 3*q - 9818. Is q a composite number?
True
Suppose -10*p = -17*p. Suppose q = -2*l + 5, 2*q - 2*l + 2 = 6*q. Is p + q + (-36)/(-3) prime?
True
Is (-9623298)/(-73) - (-1*5 + 2) prime?
False
Is 5919*(-1 - (-374)/33) a composite number?
True
Let a = 6481 - 3072. Is a prime?
False
Is (663 + -6 - -6) + 4 composite?
True
Suppose 16*o - 6 = 15*o. Let i(j) = 19*j**2 - 8*j - 3. Is i(o) composite?
True
Let b(i) = -i**3 + 9*i**2 - 2*i - 7. Is b(-8) a prime number?
True
Let g = 730 - 420. Suppose -z = -3*z + g. Is z a prime number?
False
Is (-8 - (-7 + -6))*18773 a composite number?
True
Let s(w) = -34*w + 32 - 70*w - 35. Is s(-5) composite?
True
Let h = 181 + -114. Is h a composite number?
False
Let h be (5/(-15))/(-2*2/36). Suppose 11 = -j + 2*d + 42, h*j = -d + 114. Is j a composite number?
False
Suppose -6*u + 12 = -8*u. Let y be (-28)/u - (-2)/6. Suppose -344 = -y*n + 251. Is n prime?
False
Suppose -3*c - c + 24 = f, 2*f + 3*c = 23. Suppose f*g - 4763 = -1119. Is g prime?
True
Let y be 24/(-20)*(-3070)/3. Let t = y - 857. Is t prime?
False
Suppose 50295 - 153717 = -6*b. Is b prime?
False
Suppose 7*k + 68433 + 119657 = 0. Is k/(-8) - 7/(-28) composite?
False
Let g be 1444/18 - 4/18. Suppose 3*k - g = k. Is 7656/k + (-4)/10 prime?
True
Let v(y) = 2*y**2 + 6*y + 10. Let h be v(-3). Suppose -h*q + 770 = 120. Is q prime?
False
Let v = -8 - -9. Let s = v + -1. Suppose s = r - 2*t + t - 63, -3*t = -12. Is r prime?
True
Let v(w) = w - 10. Suppose l = 3*l - 34. Let d be v(l). Is 10352/56 - (-1)/d composite?
True
Let j = -51 + 72. Let d = -21 + j. Suppose n = -3, s - 3*s - 4*n + 126 = d. Is s composite?
True
Let h(y) = y**3 + y**2 - y - 1. Let c(m) = 4*m**3 + 3*m**2 - 5*m - 364. Let u(i) = -c(i) + 3*h(i). Is u(0) a prime number?
False
Let i(r) = 452*r - 33. Let m be (-2 + 1)/(1/(-10)). Is i(m) prime?
False
Suppose -35294 = -5*o - 3*q, -4*o - 4*q + 16500 = -11740. Is o prime?
True
Let m = 330 + 731. Let g = -422 + m. Let c = -380 + g. Is c a prime number?
False
Let s(z) = z**3 + z**2 + 907. Suppose 5*v - 5*b = 5, -3 = -2*v + 4*v + 3*b. Is s(v) a composite number?
False
Let l(p) = 3 + 1 - 5 + 3*p**3 + 0. Is l(8) a composite number?
True
Suppose -5826 = 68*w - 71*w. Is w composite?
True
Let b = 5723 - 3576. Is b composite?
True
Suppose 648 = -3*g + 9465. Is g composite?
False
Let m = -10 - 1. Let w(j) = 7*j**2 - 6*j - 26. Is w(m) prime?
True
Let i(u) be the third derivative of -11*u**7/1008 - u**6/180 + u**5/15 - u**2. Let l(n) be the third derivative of i(n). Is l(-3) prime?
False
Let g(n) = -3*n**2 - 31*n - 8. Let f be g(-10). Suppose f*m - 402 = 20. Is m a composite number?
False
Suppose -u - 5*n + 27807 = 0, -5*u + 2*u + 4*n + 83459 = 0. Is u prime?
True
Suppose z + 1481 = 3*k, 1477 = -z - 3*k + 2*k. Let y = z + 3529. Is y prime?
False
Let k(w) = -w + 7. Let s be k(-10). Let o = -13 + s. Suppose -3*x + 1645 = x - u, o*u - 1229 = -3*x. Is x prime?
False
Let u(f) = 78*f**3 + 3*f**2 - f - 3. Is u(2) a composite number?
False
Suppose 4*l + 4*i - 7928 = 2*i, 0 = l - 3*i - 1968. Is l/77 - (-2)/7 a composite number?
True
Let f = 51 - 26. Let n = f - 22. Suppose -2350 = -5*z + m, -z + 464 = -n*m + 4*m. Is z a prime number?
False
Let u be (68 + 12)/(1/6). Suppose 2*i - u = -2*f, 2*f - 479 = -0*i - i. Is f composite?
False
Let k(m) = 5*m - 38*m - 43*m - 4 - 29*m. Is k(-5) composite?
False
Let o be (-2 - -7)*52/5. Let a be 9/(-2)*o/(-3). Let c = -45 + a. Is c a composite number?
True
Let b(d) = 2*d - 6. Let w be b(3). Suppose -2*u = -5*c - 2340, -5*u + 5869 = -3*c - w*c. Suppose -4*o = o - u. Is o prime?
False
Let j(a) = -2*a**3 - 3*a**2 + 2. Let y be j(-5). Suppose -4*c = -c + y. Is (2 + 0)/((-2)/c) a composite number?
False
Let o = -1885 - -11868. Is o a composite number?
True
Let b be (30/(-5))/3 - -553. Let m = b + -13. Is m a prime number?
False
Suppose -3 = -5*o + 17. Suppose -o*x + 5*g = -15, 2*x + 11 + 1 = -4*g. Suppose x = -s + 9 + 16. Is s a prime number?
False
Suppose -8*d + 5*d = 0. Let s = 3 - 2. Is s*(387 - (d - 2)) composite?
False
Let r = -16 + 12. Is 321 + r/((-2)/1) a composite number?
True
Is (2/(-3))/(5 + 652203/(-130437)) prime?
True
Let u(p) = 6*p**3 + 4*p**2 + 2*p + 17. Let b = 44 + -39. Is u(b) composite?
False
Suppose -33*k + 36*k = 1227. Is k prime?
True
Suppose g = -3*o + 4693, -11556 - 11933 = -5*g - 3*o. Is g composite?
True
Let i = -82 - -84. Is (-9740)/(-6) - i/6 composite?
True
Let c(b) = 111*b**2 - 11*b + 109. Is c(7) prime?
True
Suppose 1925 = 6*q - q. Let n = q - 9. Suppose -n = -2*y + 3*x, 0 = 4*y - 0*y - 5*x - 754. Is y composite?
False
Is ((-660840)/(-200))/((-1)/(-5)) composite?
True
Suppose -244*j - 27592 = -252*j. Is j prime?
True
Let j(n) = -n**3 - n**2 - n - 1. Let c(k) = -668*k**3 + 5*k**2 + 4*k + 4. Let w(d) = c(d) + 4*j(d). Let s = 434 + -435. Is w(s) a composite number?
False
Let r(q) = q**2 + q - 2. Let f be r(-3). Suppose 0 = -6*n + f*n - 836. Let c = 1095 + n. Is c a composite number?
False
Let b(n) = n**2 + 4*n + 2. Let m be b(-4). Let d = -7 - -12. Suppose 3*w = -x + d*x + 435, 0 = -m*w + 3*x + 290. Is w a prime number?
False
Let x be (-42)/(-9)*(11916/8 + -3). Suppose -3*b = 4*b - x. Is b composite?
False
Suppose -2*m + 4*s + 176278 = 0, 4*m = 3*s + 487088 - 134557. Is m a composite number?
False
Suppose -155*b + 149*b + 2934 = 0. Is b prime?
False
Let j(y) = 10*y + 11. Let b be j(-4). Let h = -65 + 1. Let n = b - h. Is n a composite number?
True
Let s be (-24)/(-7)*(-14)/(-4). Suppose -2212 = 8*c - s*c. Is c prime?
False
Is (-3565)/(-3) - ((-78)/9 - -10) a composite number?
False
Let q(m) = m**3 + 6*m**2 + 10*m + 8. Let n be q(-4). Suppose 0 = 5*v + 2*j - 721, 2*v - 5*j + n*j - 271 = 0. Is v composite?
True
Let r(a) = 0 + 3*a**2 - a**3 - a + 3*a + 2*a - 4. Let z be r(3). Is ((-894)/24)/((-2)/z) composite?
False
Let j = -4194 + 10651. Is j a composite number?
True
Suppose m + 1 = 3. Is 2*(-3 + m + 2726/4) composite?
False
Suppose 26 = i - b, 0*b + 4*b = 2*i - 56. Suppose 0 = 3*h + 2*q - i, -2*h - 2*q + 35 = -7*q. Suppose 9*y = h*y - 181. Is y prime?
True
Let n(z) = 3*z**3 - 22*z**2 - 46*z - 44. Is n(39) prime?
True
Suppose -15 = -2*a - 3*u, -2*a + a + 4 = -2*u. Suppose a*x - 47 = 31. Is x composite?
False
Is ((-36)/(-108))/((-2)/194490*-3) prime?
False
Suppose -4*o + 151 + 143 = -2*t, 5*t + 69 = o. Suppose -313 = -d + 5*l, -4*d = 3*l + o - 1234. Is d prime?
True
Let d be -2*2/(-4) - 358. Let k = 1030 + d. Is k composite?
False
Let w(p) = -15 + 16 - 13*p**2 - 4*p**3 - 17. Is w(-9) composite?
False
Let m = 268 + -95. Suppose 4*j = 5*b + 216, -m = -3*j - 2*b + 3*b. Is j a composite number?
False
Is (-27 - -26)/(1/(-99595)) a prime number?
False
Let a(y) = -y - 6. Let w be a(-6). Suppose 2*g - 2*h - 2 = w, -19 = -2*g - 3*h - 2. Is -1*(3 - g) - -126 composite?
False
Suppose 8167 = 3*b + 4*v, -81*b = -77*b - 4*v - 10880. Is b composite?
True
Suppose -2*b - 78 = -5*o + 551, -4 = 2*b. Suppose 0 = 5*l - 25, j + o = 4*l + 2532. Is j composite?
True
Let f(n) = n**3 - 2*n + 6. Let b be f(6). Suppose 0 = 2*m - 732 - b. Is m a prime number?
False
Suppose 291 = 16*q - 13*q. Is q a prime number?
True
Let u = -228 + 610. Suppose -3*d + u = 4*n - 0*n, -5*d + 378 = 4*n. Is n a composite number?
False
Let b(r) = 64*r**2 + 2*r + 1. Suppose -3*p - 2*m = 0, 3*p - 1 = -3*m + 2. Is b(p) a prime number?
False
Let q = 6901 + -2595. Is q composite?
True
Is 7631*(3 + 0 + 2 - 4) composite?
True
Suppose 2*j - 12 = -3*g, 5 + 0 = 5*j - 5*g. Suppose 2*m - 5*q = -19 - 1, 0 = 5*m + j*q - 12. Let b(y) = y + 31. Is b(m) prime?
True
Is (-2*(-2)/(-4))/((-1)/33791) a composite number?
False
Let m = -11 - -17. Let r(g) = m + 24*g - 4 - 7. Is r(3) a prime number?
True
Let